{"id":161,"date":"2021-03-29T15:57:31","date_gmt":"2021-03-29T15:57:31","guid":{"rendered":"https:\/\/eacs.upol.cz\/?page_id=161"},"modified":"2022-05-13T08:40:00","modified_gmt":"2022-05-13T08:40:00","slug":"accommodation","status":"publish","type":"page","link":"https:\/\/eacs.upol.cz\/index.php\/accommodation\/","title":{"rendered":"Accommodation"},"content":{"rendered":"\n<p class=\"justify-text has-text-color\" style=\"color:#5d5e60\">Olomouc offers a wide range of hotels, guest-houses and other accommodation facilities that meet both the requirements of young travellers as well as demanding clients. The accommodation possibilities range from luxury four-star hotels to dormitories and hostels. Apart from the suggested options below, you can check all the possibilities on booking.com, <a href=\"https:\/\/www.tripadvisor.com\/Hotels-g274718-Olomouc_Olomouc_Region_Moravia-Hotels.html\" data-type=\"URL\" data-id=\"https:\/\/www.tripadvisor.com\/Hotels-g274718-Olomouc_Olomouc_Region_Moravia-Hotels.html\" target=\"_blank\" rel=\"noreferrer noopener\">TripAdvisor<\/a>, or opt for Airbnb.<\/p>\n\n\n\n<p class=\"justify-text has-text-color\" style=\"color:#5d5e60\">Below please find suggested accommodation options, where we pre-booked rooms for the conference participants and\/or secured special rates. Please ask the accommodation provider for their terms of service and cancellation policies. For the low-cost accommodation in the university dormitories, please scroll to the bottom of this page.<\/p>\n\n\n\n<hr class=\"wp-block-separator is-style-wide\"\/>\n\n\n\n<div class=\"wp-block-media-text alignwide has-media-on-the-right is-stacked-on-mobile has-text-color\" style=\"color:#5d5e60;grid-template-columns:auto 20%\"><figure class=\"wp-block-media-text__media\"><img decoding=\"async\" loading=\"lazy\" width=\"275\" height=\"275\" src=\"https:\/\/eacs.upol.cz\/wp-content\/uploads\/2022\/03\/arigone_logo.jpg\" alt=\"\" class=\"wp-image-587 size-full\" srcset=\"https:\/\/eacs.upol.cz\/wp-content\/uploads\/2022\/03\/arigone_logo.jpg 275w, https:\/\/eacs.upol.cz\/wp-content\/uploads\/2022\/03\/arigone_logo-150x150.jpg 150w, https:\/\/eacs.upol.cz\/wp-content\/uploads\/2022\/03\/arigone_logo-120x120.jpg 120w, https:\/\/eacs.upol.cz\/wp-content\/uploads\/2022\/03\/arigone_logo-200x200.jpg 200w, https:\/\/eacs.upol.cz\/wp-content\/uploads\/2022\/03\/arigone_logo-100x100.jpg 100w\" sizes=\"(max-width: 275px) 100vw, 275px\" \/><\/figure><div class=\"wp-block-media-text__content\">\n<p class=\"has-text-color\" style=\"color:#5d5e60\"><strong>ARIGONE Hotel<\/strong><\/p>\n\n\n\n<p class=\"has-text-color\" style=\"color:#5d5e60\">Address: Univerzitn\u00ed 20, Olomouc | <a href=\"https:\/\/www.arigone.cz\/en\/\" data-type=\"URL\" data-id=\"https:\/\/www.arigone.cz\/en\/\" target=\"_blank\" rel=\"noreferrer noopener\">Web<\/a><\/p>\n\n\n\n<p class=\"has-text-color\" style=\"color:#5d5e60\">Pre-reserved rooms until 1<sup>st<\/sup> July 2022.<\/p>\n\n\n\n<p class=\"has-text-color\" style=\"color:#5d5e60\">Pricing:<\/p>\n\n\n\n<ul class=\"has-text-color\" style=\"color:#5d5e60\"><li>Single room: 1971 CZK\/night<\/li><li>Double room: 2241 CZK\/night<\/li><li>Double room (occupied by one person): 2151 CZK\/night<\/li><\/ul>\n\n\n\n<p class=\"has-text-color\" style=\"color:#5d5e60\">Reservations:<\/p>\n\n\n\n<ul class=\"has-text-color\" style=\"color:#5d5e60\"><li><a href=\"mailto:hotel@arigone.cz\">hotel@arigone.cz<\/a><\/li><li>Code: EACS 2022<\/li><\/ul>\n<\/div><\/div>\n\n\n\n<hr class=\"wp-block-separator\"\/>\n\n\n\n<div class=\"wp-block-media-text alignwide has-media-on-the-right is-stacked-on-mobile has-text-color\" style=\"color:#5d5e60;grid-template-columns:auto 17%\"><figure class=\"wp-block-media-text__media\"><img decoding=\"async\" loading=\"lazy\" width=\"201\" height=\"251\" src=\"https:\/\/eacs.upol.cz\/wp-content\/uploads\/2022\/03\/image-clar.png\" alt=\"\" class=\"wp-image-588 size-full\"\/><\/figure><div class=\"wp-block-media-text__content\">\n<p class=\"has-text-color\" style=\"color:#5d5e60\"><strong>CLARION Congress Hotel Olomouc<\/strong><\/p>\n\n\n\n<p class=\"has-text-color\" style=\"color:#5d5e60\">Address: Jeremenkova 36, Olomouc | <a href=\"https:\/\/www.clarioncongresshotelolomouc.com\/en\/\" data-type=\"URL\" data-id=\"https:\/\/www.clarioncongresshotelolomouc.com\/en\/\" target=\"_blank\" rel=\"noreferrer noopener\">Web<\/a><\/p>\n\n\n\n<p class=\"has-text-color\" style=\"color:#5d5e60\">Pricing <meta charset=\"utf-8\">(including VAT, buffet breakfast):<\/p>\n\n\n\n<ul class=\"has-text-color\" style=\"color:#5d5e60\"><li>Single room: 1700 CZK\/night <\/li><li>Double room: 1900 CZK\/night <\/li><\/ul>\n\n\n\n<p class=\"has-text-color\" style=\"color:#5d5e60\">Reservations:<\/p>\n\n\n\n<ul class=\"has-text-color\" style=\"color:#5d5e60\"><li><a href=\"mailto:reservations.cchol@clarion-hotels.cz\">reservations.cchol@clarion-hotels.cz<\/a><\/li><li>Code: EACS 2022<\/li><\/ul>\n<\/div><\/div>\n\n\n\n<hr class=\"wp-block-separator\"\/>\n\n\n\n<div class=\"wp-block-media-text alignwide has-media-on-the-right is-stacked-on-mobile has-text-color\" style=\"color:#5d5e60;grid-template-columns:auto 35%\"><figure class=\"wp-block-media-text__media\"><img decoding=\"async\" loading=\"lazy\" width=\"636\" height=\"250\" src=\"https:\/\/eacs.upol.cz\/wp-content\/uploads\/2022\/03\/hotel-olomouc-centre.png\" alt=\"\" class=\"wp-image-591 size-full\" srcset=\"https:\/\/eacs.upol.cz\/wp-content\/uploads\/2022\/03\/hotel-olomouc-centre.png 636w, https:\/\/eacs.upol.cz\/wp-content\/uploads\/2022\/03\/hotel-olomouc-centre-300x118.png 300w\" sizes=\"(max-width: 636px) 100vw, 636px\" \/><\/figure><div class=\"wp-block-media-text__content\">\n<p class=\"has-text-color\" style=\"color:#5d5e60\"><strong>COMFORT Hotel Olomouc Centre<\/strong><\/p>\n\n\n\n<p class=\"has-text-color\" style=\"color:#5d5e60\">Address: Wolkerova 29, Olomouc | <a href=\"https:\/\/www.comforthotelolomouccentre.com\/en\/\" data-type=\"URL\" data-id=\"https:\/\/www.comforthotelolomouccentre.com\/en\/\" target=\"_blank\" rel=\"noreferrer noopener\">Web<\/a><\/p>\n\n\n\n<p class=\"has-text-color\" style=\"color:#5d5e60\">Pricing <meta charset=\"utf-8\">(including VAT, buffet breakfast):<\/p>\n\n\n\n<ul class=\"has-text-color\" style=\"color:#5d5e60\"><li>Single room: 1600 CZK\/night <\/li><li>Double room: 1800 CZK\/night <\/li><\/ul>\n\n\n\n<p>Reservations:<\/p>\n\n\n\n<ul><li><a href=\"mailto:reservations.colo@c-hotels.cz\">reservations.colo@c-hotels.cz<\/a><\/li><li>Code: EACS 2022<\/li><\/ul>\n<\/div><\/div>\n\n\n\n<hr class=\"wp-block-separator\"\/>\n\n\n\n<div class=\"wp-block-media-text alignwide has-media-on-the-right is-stacked-on-mobile has-text-color\" style=\"color:#5d5e60;grid-template-columns:auto 30%\"><figure class=\"wp-block-media-text__media\"><img decoding=\"async\" loading=\"lazy\" width=\"1024\" height=\"177\" src=\"https:\/\/eacs.upol.cz\/wp-content\/uploads\/2022\/03\/hotel_palac-1024x177.jpg\" alt=\"\" class=\"wp-image-589 size-full\" srcset=\"https:\/\/eacs.upol.cz\/wp-content\/uploads\/2022\/03\/hotel_palac-1024x177.jpg 1024w, https:\/\/eacs.upol.cz\/wp-content\/uploads\/2022\/03\/hotel_palac-300x52.jpg 300w, https:\/\/eacs.upol.cz\/wp-content\/uploads\/2022\/03\/hotel_palac-768x132.jpg 768w, https:\/\/eacs.upol.cz\/wp-content\/uploads\/2022\/03\/hotel_palac.jpg 1224w\" sizes=\"(max-width: 1024px) 100vw, 1024px\" \/><\/figure><div class=\"wp-block-media-text__content\">\n<p><strong>HOTEL PAL\u00c1C Olomouc<\/strong><\/p>\n\n\n\n<p>Address: 1. m\u00e1je 869, Olomouc | <a href=\"https:\/\/www.hotelpalac.cz\/\" data-type=\"URL\" data-id=\"https:\/\/www.hotelpalac.cz\/\" target=\"_blank\" rel=\"noreferrer noopener\">Web<\/a><\/p>\n\n\n\n<p>Pricing (including VAT and buffet breakfast):<\/p>\n\n\n\n<ul><li>Twin\/Double room: 1390 CZK\/night<\/li><li>Twin\/Double room (one person only): 1290 CZK\/night<\/li><li>Apartment room (double bed): 1790 CZK\/night<\/li><li>Apartment room (one person only): 1690 CZK\/night<\/li><\/ul>\n\n\n\n<p>Reservations:<\/p>\n\n\n\n<ul><li><a href=\"mailto:info@hotelpalac.cz\">info@hotelpalac.cz<\/a><\/li><li>+420 585 242 175<\/li><li>Code: EACS2022<\/li><\/ul>\n<\/div><\/div>\n\n\n\n<hr class=\"wp-block-separator\"\/>\n\n\n\n<div class=\"wp-block-media-text alignwide has-media-on-the-right is-stacked-on-mobile has-text-color\" style=\"color:#5d5e60;grid-template-columns:auto 20%\"><figure class=\"wp-block-media-text__media\"><img decoding=\"async\" loading=\"lazy\" width=\"500\" height=\"500\" src=\"https:\/\/eacs.upol.cz\/wp-content\/uploads\/2022\/03\/nh_hotel.png\" alt=\"\" class=\"wp-image-590 size-full\" srcset=\"https:\/\/eacs.upol.cz\/wp-content\/uploads\/2022\/03\/nh_hotel.png 500w, https:\/\/eacs.upol.cz\/wp-content\/uploads\/2022\/03\/nh_hotel-300x300.png 300w, https:\/\/eacs.upol.cz\/wp-content\/uploads\/2022\/03\/nh_hotel-150x150.png 150w, https:\/\/eacs.upol.cz\/wp-content\/uploads\/2022\/03\/nh_hotel-120x120.png 120w, https:\/\/eacs.upol.cz\/wp-content\/uploads\/2022\/03\/nh_hotel-200x200.png 200w, https:\/\/eacs.upol.cz\/wp-content\/uploads\/2022\/03\/nh_hotel-100x100.png 100w\" sizes=\"(max-width: 500px) 100vw, 500px\" \/><\/figure><div class=\"wp-block-media-text__content\">\n<p><strong>HOTEL NH Collection Olomouc Congress<\/strong><\/p>\n\n\n\n<p>Address: Legion\u00e1\u0159sk\u00e1 21, Olomouc | <a href=\"https:\/\/www.nh-collection.com\/en\/hotel\/nh-collection-olomouc-congress\" data-type=\"URL\" data-id=\"https:\/\/www.nh-collection.com\/en\/hotel\/nh-collection-olomouc-congress\" target=\"_blank\" rel=\"noreferrer noopener\">Web<\/a><\/p>\n\n\n\n<p>Pre-reserved rooms. <\/p>\n\n\n\n<p>Booking through the <a rel=\"noreferrer noopener\" href=\"https:\/\/www.nh-hotels.com\/booking\/step1-rates?fini=24\/08\/2022&amp;fout=25\/08\/2022&amp;nadults1=2&amp;nchilds1=0&amp;nbabies1=0&amp;hotelId=CZOL.OLOMO&amp;divisa=&amp;gvoucher=false\" data-type=\"URL\" data-id=\"https:\/\/www.nh-hotels.com\/booking\/step1-rates?fini=24\/08\/2022&amp;fout=25\/08\/2022&amp;nadults1=2&amp;nchilds1=0&amp;nbabies1=0&amp;hotelId=CZOL.OLOMO&amp;divisa=&amp;gvoucher=false\" target=\"_blank\">website reservation system<\/a>.<\/p>\n<\/div><\/div>\n\n\n\n<hr class=\"wp-block-separator\"\/>\n\n\n\n<div class=\"wp-block-media-text alignwide has-media-on-the-right is-stacked-on-mobile has-text-color\" style=\"color:#5d5e60;grid-template-columns:auto 20%\"><figure class=\"wp-block-media-text__media\"><img decoding=\"async\" loading=\"lazy\" width=\"205\" height=\"252\" src=\"https:\/\/eacs.upol.cz\/wp-content\/uploads\/2022\/05\/logona.png\" alt=\"\" class=\"wp-image-983 size-full\" srcset=\"https:\/\/eacs.upol.cz\/wp-content\/uploads\/2022\/05\/logona.png 205w, https:\/\/eacs.upol.cz\/wp-content\/uploads\/2022\/05\/logona-49x60.png 49w, https:\/\/eacs.upol.cz\/wp-content\/uploads\/2022\/05\/logona-73x90.png 73w\" sizes=\"(max-width: 205px) 100vw, 205px\" \/><\/figure><div class=\"wp-block-media-text__content\">\n<p><strong>Smart Hotel Nezvalova Archa<\/strong><\/p>\n\n\n\n<p>Address: Nezvalova 3, Olomouc  | <a href=\"https:\/\/nezvalovaarcha.cz\/en\" data-type=\"URL\" data-id=\"https:\/\/nezvalovaarcha.cz\/en\" target=\"_blank\" rel=\"noreferrer noopener\">Web<\/a><\/p>\n\n\n\n<p>Pricing: (including VAT)<\/p>\n\n\n\n<ul><li>Single room. from 1500 CZK\/night<\/li><\/ul>\n\n\n\n<ul><li>Double room: from 1800 CZK\/night<\/li><\/ul>\n\n\n\n<p><\/p>\n<\/div><\/div>\n\n\n\n<hr class=\"wp-block-separator is-style-default\"\/>\n\n\n\n<div class=\"wp-block-media-text alignwide has-media-on-the-right is-stacked-on-mobile has-text-color\" style=\"color:#5d5e60;grid-template-columns:auto 35%\"><figure class=\"wp-block-media-text__media\"><img decoding=\"async\" loading=\"lazy\" width=\"348\" height=\"92\" src=\"https:\/\/eacs.upol.cz\/wp-content\/uploads\/2022\/03\/theresian_hotel.png\" alt=\"\" class=\"wp-image-592 size-full\" srcset=\"https:\/\/eacs.upol.cz\/wp-content\/uploads\/2022\/03\/theresian_hotel.png 348w, https:\/\/eacs.upol.cz\/wp-content\/uploads\/2022\/03\/theresian_hotel-300x79.png 300w\" sizes=\"(max-width: 348px) 100vw, 348px\" \/><\/figure><div class=\"wp-block-media-text__content\">\n<p><strong>THERESIAN Hotel<\/strong><\/p>\n\n\n\n<p>Address: Javo\u0159\u00ed\u010dsk\u00e1 5, Olomouc | <a href=\"https:\/\/www.theresian.cz\/\" data-type=\"URL\" data-id=\"https:\/\/www.theresian.cz\/\" target=\"_blank\" rel=\"noreferrer noopener\">Web<\/a><\/p>\n\n\n\n<p>Rooms: pre-reserved until 30<sup>th<\/sup> June 2022.<\/p>\n\n\n\n<p>Pricing <meta charset=\"utf-8\">(including breakfast, VAT, and fitness access):<\/p>\n\n\n\n<ul><li>Single room: 2100 CZK\/night <\/li><li>Double room: 2400 CZK\/night <\/li><\/ul>\n\n\n\n<p>Reservations:<\/p>\n\n\n\n<ul><li><a href=\"mailto:reception@theresian.cz\">reception@theresian.cz<\/a><\/li><li>Code: EACS<\/li><\/ul>\n<\/div><\/div>\n\n\n\n<hr class=\"wp-block-separator\"\/>\n\n\n\n<div class=\"wp-block-media-text alignwide has-media-on-the-right is-stacked-on-mobile has-text-color\" style=\"color:#5d5e60;grid-template-columns:auto 18%\"><figure class=\"wp-block-media-text__media\"><img decoding=\"async\" loading=\"lazy\" width=\"225\" height=\"225\" src=\"https:\/\/eacs.upol.cz\/wp-content\/uploads\/2022\/05\/flora.png\" alt=\"\" class=\"wp-image-985 size-full\" srcset=\"https:\/\/eacs.upol.cz\/wp-content\/uploads\/2022\/05\/flora.png 225w, https:\/\/eacs.upol.cz\/wp-content\/uploads\/2022\/05\/flora-150x150.png 150w, https:\/\/eacs.upol.cz\/wp-content\/uploads\/2022\/05\/flora-120x120.png 120w, https:\/\/eacs.upol.cz\/wp-content\/uploads\/2022\/05\/flora-200x200.png 200w, https:\/\/eacs.upol.cz\/wp-content\/uploads\/2022\/05\/flora-100x100.png 100w, https:\/\/eacs.upol.cz\/wp-content\/uploads\/2022\/05\/flora-60x60.png 60w, https:\/\/eacs.upol.cz\/wp-content\/uploads\/2022\/05\/flora-90x90.png 90w\" sizes=\"(max-width: 225px) 100vw, 225px\" \/><\/figure><div class=\"wp-block-media-text__content\">\n<p><strong>Hotel Flora<\/strong><\/p>\n\n\n\n<p>Address: Krapkova 439\/34,&nbsp;779 00, Olomouc | <a href=\"http:\/\/www.hotelflora.cz\/en\/\" data-type=\"URL\" data-id=\"http:\/\/www.hotelflora.cz\/en\/\" target=\"_blank\" rel=\"noreferrer noopener\">Web<\/a><\/p>\n\n\n\n<p>Pricing: (including VAT and breakfast)<\/p>\n\n\n\n<ul><li>Single room: from 2100 CZK<\/li><li>Double room: from 2500 CZK  <\/li><\/ul>\n<\/div><\/div>\n\n\n\n<hr class=\"wp-block-separator is-style-default\"\/>\n\n\n\n<div class=\"wp-block-media-text alignwide has-media-on-the-right is-stacked-on-mobile has-text-color\" style=\"color:#5d5e60;grid-template-columns:auto 18%\"><figure class=\"wp-block-media-text__media\"><img decoding=\"async\" loading=\"lazy\" width=\"167\" height=\"167\" src=\"https:\/\/eacs.upol.cz\/wp-content\/uploads\/2022\/05\/logo-trinity.png\" alt=\"\" class=\"wp-image-991 size-full\" srcset=\"https:\/\/eacs.upol.cz\/wp-content\/uploads\/2022\/05\/logo-trinity.png 167w, https:\/\/eacs.upol.cz\/wp-content\/uploads\/2022\/05\/logo-trinity-150x150.png 150w, https:\/\/eacs.upol.cz\/wp-content\/uploads\/2022\/05\/logo-trinity-120x120.png 120w, https:\/\/eacs.upol.cz\/wp-content\/uploads\/2022\/05\/logo-trinity-100x100.png 100w, https:\/\/eacs.upol.cz\/wp-content\/uploads\/2022\/05\/logo-trinity-60x60.png 60w, https:\/\/eacs.upol.cz\/wp-content\/uploads\/2022\/05\/logo-trinity-90x90.png 90w\" sizes=\"(max-width: 167px) 100vw, 167px\" \/><\/figure><div class=\"wp-block-media-text__content\">\n<p><strong>Hotel Trinity<\/strong><\/p>\n\n\n\n<p>Address: Pavel\u010d\u00e1kova 22, 77 900 Olomouc | <a href=\"https:\/\/www.hotel-trinity.cz\/en\/\" data-type=\"URL\" data-id=\"https:\/\/www.hotel-trinity.cz\/en\/\" target=\"_blank\" rel=\"noreferrer noopener\">Web<\/a><\/p>\n\n\n\n<p>Pricing: (including VAT and breakfast) <\/p>\n\n\n\n<ul><li>Single room: from 1883 CZK<\/li><li>Double room: from 2366 CZK<\/li><\/ul>\n<\/div><\/div>\n\n\n\n<hr class=\"wp-block-separator is-style-default\"\/>\n\n\n\n<div class=\"wp-block-media-text alignwide has-media-on-the-right is-stacked-on-mobile has-text-color\" style=\"color:#5d5e60;grid-template-columns:auto 19%\"><figure class=\"wp-block-media-text__media\"><img decoding=\"async\" loading=\"lazy\" width=\"102\" height=\"96\" src=\"https:\/\/eacs.upol.cz\/wp-content\/uploads\/2022\/05\/theatre.png\" alt=\"\" class=\"wp-image-988 size-full\" srcset=\"https:\/\/eacs.upol.cz\/wp-content\/uploads\/2022\/05\/theatre.png 102w, https:\/\/eacs.upol.cz\/wp-content\/uploads\/2022\/05\/theatre-64x60.png 64w, https:\/\/eacs.upol.cz\/wp-content\/uploads\/2022\/05\/theatre-96x90.png 96w\" sizes=\"(max-width: 102px) 100vw, 102px\" \/><\/figure><div class=\"wp-block-media-text__content\">\n<p><strong>Theatre Hotel<\/strong><\/p>\n\n\n\n<p>Address: Ostravsk\u00e1 1, 779 00 Olomouc | <a href=\"https:\/\/www.theatre-hotel.cz\/?lang=en\" target=\"_blank\" rel=\"noreferrer noopener\">Web<\/a><\/p>\n\n\n\n<p>Pricing: (including VAT and breakfast)<\/p>\n\n\n\n<ul><li>Single room: from 2500 CZK<\/li><li>Double room: from 2700 CZK<\/li><\/ul>\n<\/div><\/div>\n\n\n\n<hr class=\"wp-block-separator is-style-default\"\/>\n\n\n\n<div class=\"wp-block-media-text alignwide has-media-on-the-right is-stacked-on-mobile has-text-color\" style=\"color:#5d5e60;grid-template-columns:auto 28%\"><figure class=\"wp-block-media-text__media\"><img decoding=\"async\" loading=\"lazy\" width=\"318\" height=\"87\" src=\"https:\/\/eacs.upol.cz\/wp-content\/uploads\/2022\/05\/sladovna.png\" alt=\"\" class=\"wp-image-994 size-full\" srcset=\"https:\/\/eacs.upol.cz\/wp-content\/uploads\/2022\/05\/sladovna.png 318w, https:\/\/eacs.upol.cz\/wp-content\/uploads\/2022\/05\/sladovna-300x82.png 300w, https:\/\/eacs.upol.cz\/wp-content\/uploads\/2022\/05\/sladovna-190x52.png 190w\" sizes=\"(max-width: 318px) 100vw, 318px\" \/><\/figure><div class=\"wp-block-media-text__content\">\n<p><strong>Sladovna Apartments<\/strong><\/p>\n\n\n\n<p>Address: Wolkerova, 779 00 Olomouc 1210\/27 |  <a href=\"https:\/\/www.aptsladovna.cz\/en\/\" data-type=\"URL\" data-id=\"https:\/\/www.aptsladovna.cz\/en\/\" target=\"_blank\" rel=\"noreferrer noopener\">Web<\/a><\/p>\n\n\n\n<p>Pricing: (including VAT)<\/p>\n\n\n\n<ul><li>Single room: from 1900 CZK<\/li><li>Double room: from 2200 CZK<\/li><\/ul>\n\n\n\n<p><\/p>\n<\/div><\/div>\n\n\n\n<hr class=\"wp-block-separator is-style-default\"\/>\n\n\n\n<div class=\"wp-block-media-text alignwide has-media-on-the-right is-stacked-on-mobile has-text-color\" style=\"color:#5d5e60;grid-template-columns:auto 35%\"><figure class=\"wp-block-media-text__media\"><img decoding=\"async\" loading=\"lazy\" width=\"760\" height=\"390\" src=\"https:\/\/eacs.upol.cz\/wp-content\/uploads\/2022\/03\/UP_logo_SKM_UP.png\" alt=\"\" class=\"wp-image-593 size-full\" srcset=\"https:\/\/eacs.upol.cz\/wp-content\/uploads\/2022\/03\/UP_logo_SKM_UP.png 760w, https:\/\/eacs.upol.cz\/wp-content\/uploads\/2022\/03\/UP_logo_SKM_UP-300x154.png 300w\" sizes=\"(max-width: 760px) 100vw, 760px\" \/><\/figure><div class=\"wp-block-media-text__content\">\n<p><strong>Palack\u00fd University DORMITORIES<\/strong><\/p>\n\n\n\n<p>Address: G. Svobody \u0160meralova 12, Olomouc<\/p>\n\n\n\n<p>(Hotel part of the dormitories)<\/p>\n\n\n\n<p>Rooms are pre-reserved until 31<sup>st<\/sup> May 2022.<\/p>\n\n\n\n<p>Pricing:<\/p>\n\n\n\n<ul><li>One person per room: 590 CZK\/night<\/li><li>Two people per room: 400 CZK\/night<\/li><\/ul>\n\n\n\n<p>Reservations: <a href=\"https:\/\/skm.upol.cz\/en\/accommodation\/hotel-accommodation\/\">https:\/\/skm.upol.cz\/en\/accommodation\/hotel-accommodation\/<\/a><\/p>\n\n\n\n<p>Code: Conference EACS<\/p>\n<\/div><\/div>\n\n\n\n<p class=\"has-vivid-cyan-blue-color has-text-color\"><\/p>\n","protected":false},"excerpt":{"rendered":"<p>Olomouc offers a wide range of hotels, guest-houses and other accommodation facilities that meet both the requirements of young travellers as well as demanding clients. The accommodation possibilities range from luxury four-star hotels to dormitories and hostels. Apart from the suggested options below, you can check all the possibilities on booking.com, TripAdvisor, or opt for<\/p>\n","protected":false},"author":2,"featured_media":0,"parent":0,"menu_order":0,"comment_status":"closed","ping_status":"closed","template":"","meta":{"_bbp_topic_count":0,"_bbp_reply_count":0,"_bbp_total_topic_count":0,"_bbp_total_reply_count":0,"_bbp_voice_count":0,"_bbp_anonymous_reply_count":0,"_bbp_topic_count_hidden":0,"_bbp_reply_count_hidden":0,"_bbp_forum_subforum_count":0,"footnotes":""},"jetpack_sharing_enabled":true,"_links":{"self":[{"href":"https:\/\/eacs.upol.cz\/index.php\/wp-json\/wp\/v2\/pages\/161"}],"collection":[{"href":"https:\/\/eacs.upol.cz\/index.php\/wp-json\/wp\/v2\/pages"}],"about":[{"href":"https:\/\/eacs.upol.cz\/index.php\/wp-json\/wp\/v2\/types\/page"}],"author":[{"embeddable":true,"href":"https:\/\/eacs.upol.cz\/index.php\/wp-json\/wp\/v2\/users\/2"}],"replies":[{"embeddable":true,"href":"https:\/\/eacs.upol.cz\/index.php\/wp-json\/wp\/v2\/comments?post=161"}],"version-history":[{"count":15,"href":"https:\/\/eacs.upol.cz\/index.php\/wp-json\/wp\/v2\/pages\/161\/revisions"}],"predecessor-version":[{"id":1004,"href":"https:\/\/eacs.upol.cz\/index.php\/wp-json\/wp\/v2\/pages\/161\/revisions\/1004"}],"wp:attachment":[{"href":"https:\/\/eacs.upol.cz\/index.php\/wp-json\/wp\/v2\/media?parent=161"}],"curies":[{"name":"wp","href":"https:\/\/api.w.org\/{rel}","templated":true}]}}