{"id":51,"date":"2021-03-29T15:23:23","date_gmt":"2021-03-29T15:23:23","guid":{"rendered":"https:\/\/eacs.upol.cz\/?page_id=51"},"modified":"2021-09-05T04:26:41","modified_gmt":"2021-09-05T04:26:41","slug":"contact","status":"publish","type":"page","link":"https:\/\/eacs.upol.cz\/index.php\/contact\/","title":{"rendered":"Contact"},"content":{"rendered":"\n<p class=\"has-black-color has-text-color\"><strong>For questions and inquiries, please contact us at&nbsp;<a href=\"mailto:eacs@uni-leipzig.de\">eacs@upol.c<\/a><\/strong><strong><a href=\"mailto:eacs@uni-leipzig.de\">z<\/a><\/strong>.<\/p>\n\n\n\n<p class=\"has-black-color has-text-color\">Planning Committee of EACS 2022 at the Department of Asian Studies, Palack\u00fd University Olomouc:<\/p>\n\n\n\n<ul class=\"has-black-color has-text-color\"><li>Martin Lavi\u010dka<\/li><li>Joanna Ut-Seong Sio <\/li><li>Renata \u010ci\u017em\u00e1rov\u00e1<\/li><\/ul>\n\n\n\n<p class=\"has-black-color has-text-color\"><strong>The address of the organising committee:<\/strong><\/p>\n\n\n\n<p class=\"has-black-color has-text-color\">Martin Lavi\u010dka, Ph.D.,<\/p>\n\n\n\n<p class=\"has-black-color has-text-color\">Department of Asian Studies,<\/p>\n\n\n\n<p class=\"has-black-color has-text-color\">Faculty of Arts, Palack\u00fd University Olomouc,<\/p>\n\n\n\n<p class=\"has-black-color has-text-color\">t\u0159\u00edda Svobody 26, 779 00 Olomouc, Czech Republic<\/p>\n","protected":false},"excerpt":{"rendered":"<p>For questions and inquiries, please contact us at&nbsp;eacs@upol.cz. Planning Committee of EACS 2022 at the Department of Asian Studies, Palack\u00fd University Olomouc: Martin Lavi\u010dka Joanna Ut-Seong Sio Renata \u010ci\u017em\u00e1rov\u00e1 The address of the organising committee: Martin Lavi\u010dka, Ph.D., Department of Asian Studies, Faculty of Arts, Palack\u00fd University Olomouc, t\u0159\u00edda Svobody 26, 779 00 Olomouc, Czech<\/p>\n","protected":false},"author":2,"featured_media":0,"parent":0,"menu_order":0,"comment_status":"closed","ping_status":"closed","template":"","meta":{"_bbp_topic_count":0,"_bbp_reply_count":0,"_bbp_total_topic_count":0,"_bbp_total_reply_count":0,"_bbp_voice_count":0,"_bbp_anonymous_reply_count":0,"_bbp_topic_count_hidden":0,"_bbp_reply_count_hidden":0,"_bbp_forum_subforum_count":0,"footnotes":""},"jetpack_sharing_enabled":true,"_links":{"self":[{"href":"https:\/\/eacs.upol.cz\/index.php\/wp-json\/wp\/v2\/pages\/51"}],"collection":[{"href":"https:\/\/eacs.upol.cz\/index.php\/wp-json\/wp\/v2\/pages"}],"about":[{"href":"https:\/\/eacs.upol.cz\/index.php\/wp-json\/wp\/v2\/types\/page"}],"author":[{"embeddable":true,"href":"https:\/\/eacs.upol.cz\/index.php\/wp-json\/wp\/v2\/users\/2"}],"replies":[{"embeddable":true,"href":"https:\/\/eacs.upol.cz\/index.php\/wp-json\/wp\/v2\/comments?post=51"}],"version-history":[{"count":11,"href":"https:\/\/eacs.upol.cz\/index.php\/wp-json\/wp\/v2\/pages\/51\/revisions"}],"predecessor-version":[{"id":465,"href":"https:\/\/eacs.upol.cz\/index.php\/wp-json\/wp\/v2\/pages\/51\/revisions\/465"}],"wp:attachment":[{"href":"https:\/\/eacs.upol.cz\/index.php\/wp-json\/wp\/v2\/media?parent=51"}],"curies":[{"name":"wp","href":"https:\/\/api.w.org\/{rel}","templated":true}]}}